e -1034 = -9*w - 89. List the prime factors of w.
3, 5, 7
Let a = 7 + -10. Let k(j) = -j**2 - 3*j - 3. Let p be k(a). List the prime factors of (-1)/(9/42)*p.
2, 7
Let r(p) = -p**2 - 10*p - 8. Let o be r(-9). What are the prime factors of 110/8 + o/4?
2, 7
Let v(n) = 39*n**3 + n**2 + n + 1. Let z be v(-1). List the prime factors of z*(-3)/12*2.
19
Let s = -13 + 8. Let d(y) = -y**3 - 4*y**2 + 4*y - 4. Let t be d(s). Suppose t + 7 = 4*f. What are the prime factors of f?
2
Suppose 0 = 4*u - 3*u + 12. Let n = u - -32. What are the prime factors of n?
2, 5
Let c be 4 - (0 + 0/(-1)). Suppose -c*n - f = 29, -2*n - 4*f - 15 = 3. What are the prime factors of n/(-35) + 148/10?
3, 5
List the prime factors of 6/30 - 189/(-5).
2, 19
Suppose z + 5*i - 45 = -3*z, -3*z = 4*i - 33. What are the prime factors of z?
3, 5
Let j = -78 + 315. What are the prime factors of j?
3, 79
Suppose -o + c = -7, 4*o = -5*c + 2*c - 7. Suppose -z = o*z - 69. List the prime factors of z.
23
Let m(l) be the third derivative of -l**4/24 + l**3/2 + l**2. Let y be ((-45)/10)/((-3)/(-4)). List the prime factors of m(y).
3
Let a = 18 + -6. What are the prime factors of a?
2, 3
Suppose -q - 5*c = 38, -2*c = -2 + 10. Let h be 4/q - 4/(-18). Suppose h*g + 9 = 3*g. List the prime factors of g.
3
What are the prime factors of 10*34 - (9 + -5)?
2, 3, 7
Let y = 3 - -2. Let g(t) = 0 + 3 + 2*t + y. List the prime factors of g(6).
2, 5
Suppose -6*u = -2*u - 5*i + 6, -4*u - 4*i + 12 = 0. What are the prime factors of 10/(1 - 0/u)?
2, 5
Suppose 2*z = 3*y - 1, 5*z + 0*y + 7 = 3*y. Let g be -2 - (4 + -1) - z. Let f(l) = l + 6. What are the prime factors of f(g)?
3
List the prime factors of (-12)/(-16) + (-290)/(-8).
37
Suppose -2*a = -4*a + 16. Suppose 5*b = -5*s, 4*b + 12 = -a. Suppose 3*d - 2*d = s. What are the prime factors of d?
5
Suppose 3*u - f = 8*u + 10, -3*f - 16 = u. Let z = u + 4. List the prime factors of z.
3
Suppose 3*w + 4*h - h = -12, -3*h - 16 = -w. Suppose 16 = -4*q, 3*g - w - 13 = -q. Suppose g = v + v. List the prime factors of v.
3
Suppose -7*a + 465 = 52. What are the prime factors of a?
59
Let o be (12/(-5))/((-9)/(-30)). Let t = o + 11. Suppose -p = -t*p + 8. What are the prime factors of p?
2
Let p = -56 - -223. List the prime factors of p.
167
Suppose k - 3*k = 2. Let m be 26 + (k - (-2)/(-2)). List the prime factors of (m/20)/((-4)/(-30)).
3
Let q be 75/(-10) + (-2)/4. List the prime factors of (1 - -19)*q/(-10).
2
List the prime factors of 86 - ((-1)/5 + (-90)/50).
2, 11
What are the prime factors of (-6)/192*-8 - (-1334)/8?
167
Suppose 5*v + f - 70 = 5, -5*f = 0. What are the prime factors of v?
3, 5
Suppose 25 = 5*t, -5*k + t = -2*k + 41. Let h = -5 - k. What are the prime factors of h?
7
Let c = 2 + 3. Suppose 0 = -3*j - c - 4. What are the prime factors of -2 + (5 - (j - -2))?
2
Suppose 821 = 4*i - 5*y - 0*y, 612 = 3*i - 3*y. List the prime factors of i.
199
What are the prime factors of (-1932)/(-22) - 32/(-176)?
2, 11
Let z(u) = -u**2 - 8*u - 9. Let c be z(-6). Suppose 3*g = c*y - 3, 0*y - 3*y - 2*g = -23. What are the prime factors of y?
5
Suppose 4*z - 28 = -0*z. Let x = 1 + z. Suppose -x + 2 = -3*j. List the prime factors of j.
2
Let w be (8/(-10))/(8/(-20)). Suppose -16 = d - w*g + 7*g, 2*g + 20 = 3*d. What are the prime factors of d?
2
Suppose -112 = -3*r - 2*b, -4*b + 6 = 3*r - 98. Suppose -3*p + r = -p. List the prime factors of p.
2, 5
Suppose -45 = 3*g - 204. What are the prime factors of g?
53
Let o(r) = r**3 - r**2 - r + 1. Let d be o(1). Suppose d + 6 = 2*v. List the prime factors of v.
3
Suppose -3*l + 3*u - 4*u = -28, -l = 3*u - 12. Let a(k) = -k - 1. Let m be a(-3). Let r = l - m. List the prime factors of r.
7
Let k = 34 + -15. List the prime factors of k.
19
Let t(k) = -4*k + 4. Let s be t(4). Let b = s + 29. Suppose -22 = -3*u + b. What are the prime factors of u?
13
Suppose 0 = 2*l + 5*z - 10, l + 2*z = 4 - 0. Suppose 4*m + l*x = 4*x + 4, 5*m - 41 = -4*x. List the prime factors of m.
5
Let v = -2 + 4. Let t = v + 1. Suppose t*i - 4*i = -6. List the prime factors of i.
2, 3
Suppose -4*y = 4*q - 404, 0 = -3*q - 0*y - 2*y + 303. Let k = -68 + q. What are the prime factors of k?
3, 11
List the prime factors of 66 - (4 + -8*1).
2, 5, 7
Suppose -4*u - 4*q + 8 = 0, -4*u = -2*q + 5*q - 4. Let x = u + 15. List the prime factors of x.
13
Let j be (0 + 2)*1/(-2). Let g = j - -6. Suppose -4*z - g*l + 3 + 7 = 0, 3*z - 5*l - 25 = 0. List the prime factors of z.
5
Let v = -126 + 179. What are the prime factors of v?
53
Suppose 0*x + 17 = x. Let h = x - 24. List the prime factors of ((-8)/14)/(2/h).
2
Let m be 19 + (-1 - -1) - -1. Let j = -16 + m. What are the prime factors of j?
2
List the prime factors of (2/(-7))/((-3)/(-21)) - -272.
2, 3, 5
Let r(m) = m**3 - 3*m**2 - 4*m + 6. Let z be r(4). What are the prime factors of (-38)/(-5) + z/15?
2
Let c = -47 + 50. List the prime factors of c.
3
What are the prime factors of (26 - 28)/(4/(-474))?
3, 79
Let m(g) = -17*g + 1. Let v(b) = 17*b - 1. Let n(q) = 2*m(q) + 3*v(q). Let t be n(1). Suppose -4 = 2*i, -2*k - t = -3*k + 3*i. List the prime factors of k.
2, 5
Let z = -7 - -9. Suppose -z*a + 18 = 2. What are the prime factors of a?
2
Let h(n) = -3*n - 1. Suppose 3*i - 11 = 4*t, 4*t + 5 = -4*i + i. List the prime factors of h(t).
5
Suppose -5*c = 4 - 14. Suppose 0 = -6*i + c*i + 8. List the prime factors of -2 - (1 + -7 + i).
2
Let i = -12 - -24. Suppose 3*b + 5*s = 8 + 24, 5*b = 2*s + i. Suppose b*c = -3*m + 38, -3*c = -5*c + 2*m + 26. List the prime factors of c.
11
Let p(v) = -v. Let g be p(-4). Let z be 0 + 3*g/6. List the prime factors of z/(6/39) - 1.
2, 3
Let p = 8 + -6. Suppose -28 = -p*g - 4*w, -g - 3*w = 4*g - 35. Let u = g - -2. What are the prime factors of u?
2, 3
Let p = -36 + -26. Let h = 103 + p. List the prime factors of h.
41
What are the prime factors of -1 + 15 + 3 - -1?
2, 3
Let c = -14 + 80. Suppose 0 = -b - 3*x + 15, 2*b = 5*x + c + 8. List the prime factors of b.
3
What are the prime factors of 0/2 + (-21 - -202)?
181
Let a = -14 - 13. Let o = a + 41. What are the prime factors of o?
2, 7
Let z = 372 + -87. List the prime factors of z.
3, 5, 19
Let j be 2/(-6) + 1/3. Let g = 8 + j. Suppose -2*d = -6*d + g. List the prime factors of d.
2
What are the prime factors of 9/6*(-200)/(-12)?
5
Let q(u) = -32*u - 24. What are the prime factors of q(-6)?
2, 3, 7
Let n(y) = -y**3 - y**2 - y. Let r(j) = j**3 - 6*j**2 - j + 3. Let p(k) = 2*n(k) + r(k). What are the prime factors of p(-8)?
3
Suppose -25 = -5*y + 5*f, 0 = 5*y + f + f - 60. Let p = 0 + y. List the prime factors of 13 - 5/(p/(-4)).
3, 5
Suppose 2*g + 6 = d, -4*d + 0*g + 6 = g. List the prime factors of (4 - (2 - 2))*d.
2
Let b(n) = 3*n - 6. Let y = 18 + -12. Let o = y + 0. What are the prime factors of b(o)?
2, 3
Let m be (-2)/(-5) - (-54)/15. Suppose -5*u + 0*q + 46 = 2*q, m*u - q = 29. Suppose 0 = -6*a + 2*a + u. What are the prime factors of a?
2
Let r(x) = x**3 + 25*x**2 + 14. List the prime factors of r(-25).
2, 7
Let m(u) = -u**2 + 7*u - 4. Let o(k) = 2*k**3 - 2*k**2 - 3*k + 3. Let t be o(2). Suppose -30 = -4*x + 2*b, -x - t*b - 9 = 11. List the prime factors of m(x).
2, 3
Let v = 96 - 55. What are the prime factors of v?
41
Let w(r) = r**2 + 3*r - 3. Let q be w(-4). Let v(i) be the third derivative of 5*i**4/12 + i**3/6 + 4*i**2. List the prime factors of v(q).
11
Let n be -5 + -273 - (0 + 0). List the prime factors of n/(-14) - 7/(-49).
2, 5
Let u(l) = l**3 - 14*l**2 + 12*l + 19. List the prime factors of u(13).
2, 3
Let h(t) = -t + 8. Let f be h(6). What are the prime factors of f/3 + 60/18?
2
Let b = 1 - 10. Let g = 11 + b. List the prime factors of g.
2
Suppose 6*m - 616 = -2*m. What are the prime factors of m?
7, 11
List the prime factors of 18/(-6) + (335 - 5).
3, 109
Let k = 9 + 2. List the prime factors of k.
11
Let j be 2052/(-63) - 3/7. What are the prime factors of (-143)/j + (-4)/(-6)?
5
Suppose -t + 24 = 5*n - 16, -2*t = 3*n - 17. List the prime factors of (-6)/n - (-35)/3.
11
Let u be (-10)/(-1*(-2)/6). Let c be (2 - 1)/((-1)/u). Suppose 4*x - x - c = 0. What are the prime factors of x?
2, 5
List the prime factors of (-2)/7 - 308/(-49).
2, 3
Suppose 4*b - 572 = 3*t + t, -b + 146 = -2*t. What are the prime factors o